2?
True
Does 8 divide 351554160?
True
Is 29 a factor of 785565108?
True
Is 11716 a factor of 4519030109?
False
Is 1748727439 a multiple of 227?
False
Does 60 divide 1200709560?
True
Does 621 divide 340241969?
False
Does 490 divide 236368160?
True
Does 14 divide 13889120?
True
Does 348 divide 234697812?
True
Does 415 divide 8678480?
True
Is 515751845 a multiple of 186?
False
Does 50 divide 303598450?
True
Does 13 divide 90871963?
True
Is 23242695 a multiple of 5?
True
Is 569 a factor of 79188868?
True
Is 3937008 a multiple of 193?
False
Does 2155 divide 52793168?
False
Does 118 divide 21833653?
False
Does 13 divide 144668914?
True
Does 307 divide 7409233?
False
Is 697 a factor of 428457052?
True
Is 26736066 a multiple of 63?
True
Is 1487602264 a multiple of 76?
True
Is 131019769 a multiple of 131?
False
Does 2973 divide 42917735?
False
Is 12821258 a multiple of 2745?
False
Is 28426468 a multiple of 196?
True
Is 12 a factor of 1086847572?
True
Is 28169947 a multiple of 71?
False
Is 447 a factor of 35890524?
True
Is 1359176813 a multiple of 8?
False
Is 31 a factor of 4302211?
True
Is 58 a factor of 1924584120?
False
Does 435 divide 3960195195?
True
Is 1791683 a multiple of 260?
False
Is 3710 a factor of 158717510?
True
Does 131 divide 66271166?
False
Does 1186 divide 3666558138?
True
Does 254 divide 98028252?
True
Is 882402943 a multiple of 41?
True
Is 1291 a factor of 339514926?
True
Is 10585771 even?
False
Does 1010 divide 201534390?
True
Is 128 a factor of 4912582?
False
Is 1012 a factor of 777788051?
False
Is 1408033 a multiple of 7?
False
Is 1085 a factor of 27379618?
False
Is 45700800 a multiple of 300?
True
Does 823 divide 1274077978?
False
Is 263 a factor of 914601962?
True
Is 5 a factor of 118245188?
False
Is 165433564 a multiple of 106?
True
Is 507218832 a multiple of 1424?
True
Is 148265508 a multiple of 1757?
False
Does 339 divide 105973434?
True
Is 50 a factor of 94046450?
True
Is 6 a factor of 35413448?
False
Does 141 divide 26356425?
True
Is 2360603040 a multiple of 40?
True
Does 9 divide 844331535?
True
Does 49 divide 448197120?
True
Does 2757 divide 10637198?
False
Is 183122983 a multiple of 83?
True
Is 2011214 a multiple of 126?
False
Is 81 a factor of 58885466?
False
Is 714892394 a multiple of 3?
False
Is 1020032746 a multiple of 16?
False
Is 32 a factor of 2133359?
False
Is 238262158 a multiple of 538?
False
Is 32 a factor of 239499606?
False
Is 4534 a factor of 340158816?
True
Does 788 divide 685609241?
False
Is 392531400 a multiple of 3768?
True
Does 16 divide 39448704?
True
Is 81 a factor of 19849941?
True
Does 29 divide 60417266?
True
Is 6 a factor of 20778804?
True
Is 19 a factor of 7341999?
True
Does 787 divide 166289830?
False
Does 209 divide 46690207?
False
Is 5 a factor of 23118099?
False
Does 14 divide 1798844852?
True
Is 16 a factor of 95308048?
True
Is 10676 a factor of 2445348850?
False
Is 915207 a multiple of 1261?
False
Is 18808917 a multiple of 69?
True
Does 1132 divide 8536863?
False
Is 302 a factor of 33284024?
True
Is 252631916 a multiple of 1877?
False
Does 59 divide 201486476?
False
Is 538 a factor of 84888189?
False
Is 40499004 a multiple of 52?
True
Is 908964 a multiple of 36?
True
Does 40 divide 149116760?
True
Is 26 a factor of 8553584?
True
Is 22 a factor of 26616304?
True
Is 310210354 a multiple of 1669?
True
Is 112251078 a multiple of 219?
True
Does 1020 divide 24691140?
True
Is 56247839 a multiple of 337?
False
Does 128 divide 35046293?
False
Is 555383650 a multiple of 6?
False
Is 18304971 a multiple of 43?
True
Is 888 a factor of 78860848?
False
Is 403461253 a multiple of 13?
True
Does 2830 divide 111518545?
False
Is 27057710 a multiple of 34?
True
Does 6559 divide 1325291863?
True
Does 82 divide 1197686006?
False
Does 21 divide 20554907?
False
Is 536 a factor of 65173848?
True
Is 1491074912 a multiple of 184?
True
Is 26314472 a multiple of 788?
True
Is 1156699440 a multiple of 1215?
True
Is 179001795 a multiple of 3535?
True
Does 538 divide 211642971?
False
Is 32701849 a multiple of 258?
False
Is 57055899 a multiple of 8?
False
Is 3563940 a multiple of 6?
True
Is 2230588912 a multiple of 654?
False
Is 56 a factor of 103891440?
False
Is 212759268 a multiple of 554?
True
Does 55 divide 14422925?
True
Does 47 divide 9844897?
False
Is 632100 a multiple of 60?
True
Is 9 a factor of 1112780?
False
Is 8 a factor of 3590072?
True
Is 3894964980 a multiple of 14?
False
Does 1201 divide 6046345811?
False
Does 153 divide 114914016?
True
Is 383273165 a multiple of 792?
False
Is 99781581 a multiple of 286?
False
Is 548125293 a multiple of 174?
False
Does 26 divide 38152530?
True
Is 25614953 a multiple of 371?
True
Is 18944280 a multiple of 81?
True
Is 60 a factor of 433424385?
False
Does 536 divide 88992080?
True
Is 3213 a factor of 1520655331?
False
Is 6151600 a multiple of 83?
False
Is 170230215 a multiple of 457?
True
Is 41 a factor of 105479880?
True
Does 9 divide 27932139?
True
Is 5 a factor of 6145892?
False
Is 23 a factor of 735527129?
False
Is 145 a factor of 86276305?
True
Is 235869389 a multiple of 3031?
True
Does 60 divide 1638020738?
False
Is 311 a factor of 91933450?
False
Is 366495294 a multiple of 393?
True
Is 3345148166 a multiple of 1402?
True
Does 1249 divide 225959364?
False
Is 15176143 a multiple of 2?
False
Is 324 a factor of 49929696?
True
Is 277 a factor of 28399702?
True
Is 138 a factor of 82714578?
True
Is 390143600 a multiple of 1540?
True
Is 19 a factor of 1163504134?
False
Is 487 a factor of 440782886?
False
Does 20 divide 63766800?
True
Is 14 a factor of 39504430?
True
Is 75 a factor of 140807668?
False
Is 109 a factor of 509034128?
False
Is 335 a factor of 1353400?
True
Is 77 a factor of 156252523?
False
Is 4595 a factor of 1064624740?
True
Is 495725288 a multiple of 14?
False
Is 7 a factor of 28525329?
True
Does 636 divide 2084244355?
False
Is 14949433 a multiple of 59?
False
Does 955 divide 835722596?
False
Is 149 a factor of 24169839?
False
Is 15118655 a multiple of 694?
False
Is 4 a factor of 4238440?
True
Is 24829333 a multiple of 86?
False
Is 79 a factor of 541939877?
False
Does 882 divide 287733096?
True
Does 5 divide 539830755?
True
Does 6 divide 605000226?
True
Is 42 a factor of 15630059?
False
Is 3293604 a multiple of 1146?
True
Is 63 a factor of 16755165?
True
Is 49 a factor of 26360711?
False
Does 107 divide 275553973?
False
Does 18 divide 2691794287?
False
Is 2430 a factor of 47745910?
False
Is 32107072 a multiple of 108?
False
Does 53 divide 399454990?
False
Is 2040 a factor of 178829518?
False
Does 191 divide 289774822?
False
Is 181318419 a multiple of 1424?
False
Is 251782656 a multiple of 32?
True
Is 828 a factor of 120385404?
True
Does 395 divide 632824760?
True
Is 78 a factor of 42150265?
False
Is 126899123 a multiple of 4211?
False
Does 2418 divide 50903219?
False
Does 247 divide 487361134?
True
Is 58014844 a multiple of 845?
False
Is 24044782 a multiple of 163?
True
Does 292 divide 75938104?
True
Is 57108016 a multiple of 20?
False
Does 32 divide 51229983?
False
Is 47 a factor of 18615290?
True
Does 22 divide 12313488?
True
Does 43 divide 1948448908?
False
Is 74 a factor of 10899625?
False
Does 140 divide 43235412?
False
Does 398 divide 2729225?
False
Is 5967101009 a multiple of 41?
True
Does 641 divide 1960832954?
False
Is 17 a factor of 156758648?
False
Is 608870224 a multiple of 31?
False
Does 622 divide 88979022?
False
Is 23702527 a multiple of 39?
False
Is 28 a factor of 2699984?
True
Is 11186 a factor of 3623008060?
False
Does 615 divide 13411053?
False
Does 21 divide 3331298?
False
Does 1922 divide 315821118?
True
Is 606 a factor of 825829964?
False
Is 328 a factor of 24166056?
True
Is 425197900 a multiple of 2695?
False
Does 8 divide 1677551345?
False
Does 2838 divide 214348400?
False
Does 17 divide 346253205?
False
Is 479857814 a multiple of 30?
False
Is 26197808 a multiple of 988?
True
Is 122 a factor of 38340479?
False
Is 329 a factor of 4426993732?
True
Is 491 a factor of 245225743?
False
Is 18 a factor of 7645068?
True
Is 365 a factor of 2268475?
True
Is 375943800 a multiple of 15?
True
Is 8 a factor of 1760010?
False
Is 489 a factor of 278893326?
True
Does 136 divide 506919014?
False
Does 28 divide 64736942?
False
Does 1767 divide 106127399?